{"id":2701,"date":"2024-07-23T14:18:27","date_gmt":"2024-07-23T14:18:27","guid":{"rendered":"https:\/\/www.tcuido.es\/?post_type=product&#038;p=2701"},"modified":"2025-09-23T17:28:43","modified_gmt":"2025-09-23T17:28:43","slug":"tabla-banera-adulto-asiento-banera-ancianos","status":"publish","type":"product","link":"https:\/\/www.tcuido.es\/en\/product\/tabla-banera-adulto-asiento-banera-ancianos\/","title":{"rendered":"Adult bathtub board, elderly bathtub seat"},"content":{"rendered":"<ul>\n<li><strong>COMFORTABLE:<\/strong>\u00a0This bath board helps elderly people or those with mobility problems to enjoy daily hygiene.\u00a0<strong>comfortable and safe<\/strong>\u00a0since it allows\u00a0<strong>get in and out of the bathtub with minimal effort.<\/strong><\/li>\n<li><strong>STABLE AND SAFE:<\/strong>\u00a0thanks to their\u00a0<strong>4 fixing legs<\/strong>\u00a0Adjustable and non-slip, this bath board fits almost all bathtubs making it easy for the user to transfer into the tub.\u00a0<strong>Check if it fits your bathtub:<\/strong>\u00a0It should measure from 42 to 60 cm between the interior walls.<\/li>\n<li><strong>EASY TO USE:<\/strong>\u00a0The bath board with handle allows the user to bathe comfortably while sitting.\u00a0<strong>avoiding<\/strong>\u00a0as well as unwanted risks such as\u00a0<strong>slips and falls.<\/strong>\u00a0In addition, it is easy to clean and due to its light weight (2.5 kg) it can be easily removed to leave the bathtub free.<\/li>\n<li><strong>RESISTANT:<\/strong>\u00a0the board for the bathtub,<strong>\u00a0Made of polypropylene<\/strong>, has a solid and strong structure and has several holes that ensure good water drainage.<\/li>\n<li><strong>RECOMMENDED FOR:<\/strong>\u00a0elderly, pregnant women and\/or people with mobility problems due to periods of rehabilitation from injuries, convalescence or post-operative.\u00a0<strong>Maximum user weight: 110 kg.<\/strong><\/li>\n<\/ul>","protected":false},"excerpt":{"rendered":"<p>C\u00d3MODA:\u00a0esta tabla de ba\u00f1o ayuda a las personas mayores o con problemas de movilidad a disfrutar de una higiene diaria\u00a0c\u00f3moda y segura\u00a0ya que permite\u00a0entrar y salir de la ba\u00f1era con el m\u00ednimo esfuerzo. ESTABLE Y SEGURA:\u00a0gracias a sus\u00a04 patas de fijaci\u00f3n\u00a0ajustables y antideslizantes, esta tabla de ba\u00f1o se adapta a casi todas las ba\u00f1eras facilitando [&hellip;]<\/p>\n","protected":false},"featured_media":2712,"template":"","meta":{"inline_featured_image":false},"product_brand":[],"product_cat":[31,27],"product_tag":[36],"class_list":{"0":"post-2701","1":"product","2":"type-product","3":"status-publish","4":"has-post-thumbnail","6":"product_cat-asientos-banera","7":"product_cat-bano","8":"product_tag-kmina","10":"first","11":"instock","12":"taxable","13":"shipping-taxable","14":"purchasable","15":"product-type-simple"},"yoast_head":"<!-- This site is optimized with the Yoast SEO Premium plugin v22.6 (Yoast SEO v27.1.1) - https:\/\/yoast.com\/product\/yoast-seo-premium-wordpress\/ -->\n<title>Tabla ba\u00f1era adulto, asiento ba\u00f1era ancianos - Tcuido<\/title>\n<meta name=\"robots\" content=\"index, follow, max-snippet:-1, max-image-preview:large, max-video-preview:-1\" \/>\n<link rel=\"canonical\" href=\"https:\/\/www.tcuido.es\/en\/product\/tabla-banera-adulto-asiento-banera-ancianos\/\" \/>\n<meta property=\"og:locale\" content=\"en_GB\" \/>\n<meta property=\"og:type\" content=\"article\" \/>\n<meta property=\"og:title\" content=\"Tabla ba\u00f1era adulto, asiento ba\u00f1era ancianos\" \/>\n<meta property=\"og:description\" content=\"C\u00d3MODA:\u00a0esta tabla de ba\u00f1o ayuda a las personas mayores o con problemas de movilidad a disfrutar de una higiene diaria\u00a0c\u00f3moda y segura\u00a0ya que permite\u00a0entrar y salir de la ba\u00f1era con el m\u00ednimo esfuerzo. ESTABLE Y SEGURA:\u00a0gracias a sus\u00a04 patas de fijaci\u00f3n\u00a0ajustables y antideslizantes, esta tabla de ba\u00f1o se adapta a casi todas las ba\u00f1eras facilitando [&hellip;]\" \/>\n<meta property=\"og:url\" content=\"https:\/\/www.tcuido.es\/en\/product\/tabla-banera-adulto-asiento-banera-ancianos\/\" \/>\n<meta property=\"og:site_name\" content=\"Tcuido\" \/>\n<meta property=\"article:modified_time\" content=\"2025-09-23T17:28:43+00:00\" \/>\n<meta property=\"og:image\" content=\"https:\/\/www.tcuido.es\/wp-content\/uploads\/2024\/07\/C02-P03_01_asiento-banera_1b.webp\" \/>\n\t<meta property=\"og:image:width\" content=\"869\" \/>\n\t<meta property=\"og:image:height\" content=\"869\" \/>\n\t<meta property=\"og:image:type\" content=\"image\/webp\" \/>\n<meta name=\"twitter:card\" content=\"summary_large_image\" \/>\n<meta name=\"twitter:label1\" content=\"Estimated reading time\" \/>\n\t<meta name=\"twitter:data1\" content=\"2 minutes\" \/>\n<script type=\"application\/ld+json\" class=\"yoast-schema-graph\">{\"@context\":\"https:\/\/schema.org\",\"@graph\":[{\"@type\":\"WebPage\",\"@id\":\"https:\/\/www.tcuido.es\/producto\/tabla-banera-adulto-asiento-banera-ancianos\/\",\"url\":\"https:\/\/www.tcuido.es\/producto\/tabla-banera-adulto-asiento-banera-ancianos\/\",\"name\":\"Tabla ba\u00f1era adulto, asiento ba\u00f1era ancianos - Tcuido\",\"isPartOf\":{\"@id\":\"https:\/\/www.tcuido.es\/#website\"},\"primaryImageOfPage\":{\"@id\":\"https:\/\/www.tcuido.es\/producto\/tabla-banera-adulto-asiento-banera-ancianos\/#primaryimage\"},\"image\":{\"@id\":\"https:\/\/www.tcuido.es\/producto\/tabla-banera-adulto-asiento-banera-ancianos\/#primaryimage\"},\"thumbnailUrl\":\"https:\/\/www.tcuido.es\/wp-content\/uploads\/2024\/07\/C02-P03_01_asiento-banera_1b.webp\",\"datePublished\":\"2024-07-23T14:18:27+00:00\",\"dateModified\":\"2025-09-23T17:28:43+00:00\",\"breadcrumb\":{\"@id\":\"https:\/\/www.tcuido.es\/producto\/tabla-banera-adulto-asiento-banera-ancianos\/#breadcrumb\"},\"inLanguage\":\"en-GB\",\"potentialAction\":[{\"@type\":\"ReadAction\",\"target\":[\"https:\/\/www.tcuido.es\/producto\/tabla-banera-adulto-asiento-banera-ancianos\/\"]}]},{\"@type\":\"ImageObject\",\"inLanguage\":\"en-GB\",\"@id\":\"https:\/\/www.tcuido.es\/producto\/tabla-banera-adulto-asiento-banera-ancianos\/#primaryimage\",\"url\":\"https:\/\/www.tcuido.es\/wp-content\/uploads\/2024\/07\/C02-P03_01_asiento-banera_1b.webp\",\"contentUrl\":\"https:\/\/www.tcuido.es\/wp-content\/uploads\/2024\/07\/C02-P03_01_asiento-banera_1b.webp\",\"width\":869,\"height\":869},{\"@type\":\"BreadcrumbList\",\"@id\":\"https:\/\/www.tcuido.es\/producto\/tabla-banera-adulto-asiento-banera-ancianos\/#breadcrumb\",\"itemListElement\":[{\"@type\":\"ListItem\",\"position\":1,\"name\":\"Inicio\",\"item\":\"https:\/\/www.tcuido.es\/\"},{\"@type\":\"ListItem\",\"position\":2,\"name\":\"Tienda\",\"item\":\"https:\/\/www.tcuido.es\/tienda\/\"},{\"@type\":\"ListItem\",\"position\":3,\"name\":\"Tabla ba\u00f1era adulto, asiento ba\u00f1era ancianos\"}]},{\"@type\":\"WebSite\",\"@id\":\"https:\/\/www.tcuido.es\/#website\",\"url\":\"https:\/\/www.tcuido.es\/\",\"name\":\"Tcuido\",\"description\":\"Servicios Integrales a la Dependencia\",\"publisher\":{\"@id\":\"https:\/\/www.tcuido.es\/#organization\"},\"potentialAction\":[{\"@type\":\"SearchAction\",\"target\":{\"@type\":\"EntryPoint\",\"urlTemplate\":\"https:\/\/www.tcuido.es\/?s={search_term_string}\"},\"query-input\":{\"@type\":\"PropertyValueSpecification\",\"valueRequired\":true,\"valueName\":\"search_term_string\"}}],\"inLanguage\":\"en-GB\"},{\"@type\":\"Organization\",\"@id\":\"https:\/\/www.tcuido.es\/#organization\",\"name\":\"Tcuido Servicios Integrales a la Dependencia\",\"url\":\"https:\/\/www.tcuido.es\/\",\"logo\":{\"@type\":\"ImageObject\",\"inLanguage\":\"en-GB\",\"@id\":\"https:\/\/www.tcuido.es\/#\/schema\/logo\/image\/\",\"url\":\"https:\/\/www.tcuido.es\/wp-content\/uploads\/2024\/03\/TCUIDO-facturas.png\",\"contentUrl\":\"https:\/\/www.tcuido.es\/wp-content\/uploads\/2024\/03\/TCUIDO-facturas.png\",\"width\":1600,\"height\":361,\"caption\":\"Tcuido Servicios Integrales a la Dependencia\"},\"image\":{\"@id\":\"https:\/\/www.tcuido.es\/#\/schema\/logo\/image\/\"}}]}<\/script>\n<!-- \/ Yoast SEO Premium plugin. -->","yoast_head_json":{"title":"Tabla ba\u00f1era adulto, asiento ba\u00f1era ancianos - Tcuido","robots":{"index":"index","follow":"follow","max-snippet":"max-snippet:-1","max-image-preview":"max-image-preview:large","max-video-preview":"max-video-preview:-1"},"canonical":"https:\/\/www.tcuido.es\/en\/product\/tabla-banera-adulto-asiento-banera-ancianos\/","og_locale":"en_GB","og_type":"article","og_title":"Tabla ba\u00f1era adulto, asiento ba\u00f1era ancianos","og_description":"C\u00d3MODA:\u00a0esta tabla de ba\u00f1o ayuda a las personas mayores o con problemas de movilidad a disfrutar de una higiene diaria\u00a0c\u00f3moda y segura\u00a0ya que permite\u00a0entrar y salir de la ba\u00f1era con el m\u00ednimo esfuerzo. ESTABLE Y SEGURA:\u00a0gracias a sus\u00a04 patas de fijaci\u00f3n\u00a0ajustables y antideslizantes, esta tabla de ba\u00f1o se adapta a casi todas las ba\u00f1eras facilitando [&hellip;]","og_url":"https:\/\/www.tcuido.es\/en\/product\/tabla-banera-adulto-asiento-banera-ancianos\/","og_site_name":"Tcuido","article_modified_time":"2025-09-23T17:28:43+00:00","og_image":[{"width":869,"height":869,"url":"https:\/\/www.tcuido.es\/wp-content\/uploads\/2024\/07\/C02-P03_01_asiento-banera_1b.webp","type":"image\/webp"}],"twitter_card":"summary_large_image","twitter_misc":{"Estimated reading time":"2 minutes"},"schema":{"@context":"https:\/\/schema.org","@graph":[{"@type":"WebPage","@id":"https:\/\/www.tcuido.es\/producto\/tabla-banera-adulto-asiento-banera-ancianos\/","url":"https:\/\/www.tcuido.es\/producto\/tabla-banera-adulto-asiento-banera-ancianos\/","name":"Tabla ba\u00f1era adulto, asiento ba\u00f1era ancianos - Tcuido","isPartOf":{"@id":"https:\/\/www.tcuido.es\/#website"},"primaryImageOfPage":{"@id":"https:\/\/www.tcuido.es\/producto\/tabla-banera-adulto-asiento-banera-ancianos\/#primaryimage"},"image":{"@id":"https:\/\/www.tcuido.es\/producto\/tabla-banera-adulto-asiento-banera-ancianos\/#primaryimage"},"thumbnailUrl":"https:\/\/www.tcuido.es\/wp-content\/uploads\/2024\/07\/C02-P03_01_asiento-banera_1b.webp","datePublished":"2024-07-23T14:18:27+00:00","dateModified":"2025-09-23T17:28:43+00:00","breadcrumb":{"@id":"https:\/\/www.tcuido.es\/producto\/tabla-banera-adulto-asiento-banera-ancianos\/#breadcrumb"},"inLanguage":"en-GB","potentialAction":[{"@type":"ReadAction","target":["https:\/\/www.tcuido.es\/producto\/tabla-banera-adulto-asiento-banera-ancianos\/"]}]},{"@type":"ImageObject","inLanguage":"en-GB","@id":"https:\/\/www.tcuido.es\/producto\/tabla-banera-adulto-asiento-banera-ancianos\/#primaryimage","url":"https:\/\/www.tcuido.es\/wp-content\/uploads\/2024\/07\/C02-P03_01_asiento-banera_1b.webp","contentUrl":"https:\/\/www.tcuido.es\/wp-content\/uploads\/2024\/07\/C02-P03_01_asiento-banera_1b.webp","width":869,"height":869},{"@type":"BreadcrumbList","@id":"https:\/\/www.tcuido.es\/producto\/tabla-banera-adulto-asiento-banera-ancianos\/#breadcrumb","itemListElement":[{"@type":"ListItem","position":1,"name":"Inicio","item":"https:\/\/www.tcuido.es\/"},{"@type":"ListItem","position":2,"name":"Tienda","item":"https:\/\/www.tcuido.es\/tienda\/"},{"@type":"ListItem","position":3,"name":"Tabla ba\u00f1era adulto, asiento ba\u00f1era ancianos"}]},{"@type":"WebSite","@id":"https:\/\/www.tcuido.es\/#website","url":"https:\/\/www.tcuido.es\/","name":"I take care","description":"Comprehensive Dependency Services","publisher":{"@id":"https:\/\/www.tcuido.es\/#organization"},"potentialAction":[{"@type":"SearchAction","target":{"@type":"EntryPoint","urlTemplate":"https:\/\/www.tcuido.es\/?s={search_term_string}"},"query-input":{"@type":"PropertyValueSpecification","valueRequired":true,"valueName":"search_term_string"}}],"inLanguage":"en-GB"},{"@type":"Organization","@id":"https:\/\/www.tcuido.es\/#organization","name":"Tcuido Comprehensive Dependency Services","url":"https:\/\/www.tcuido.es\/","logo":{"@type":"ImageObject","inLanguage":"en-GB","@id":"https:\/\/www.tcuido.es\/#\/schema\/logo\/image\/","url":"https:\/\/www.tcuido.es\/wp-content\/uploads\/2024\/03\/TCUIDO-facturas.png","contentUrl":"https:\/\/www.tcuido.es\/wp-content\/uploads\/2024\/03\/TCUIDO-facturas.png","width":1600,"height":361,"caption":"Tcuido Servicios Integrales a la Dependencia"},"image":{"@id":"https:\/\/www.tcuido.es\/#\/schema\/logo\/image\/"}}]}},"_links":{"self":[{"href":"https:\/\/www.tcuido.es\/en\/wp-json\/wp\/v2\/product\/2701","targetHints":{"allow":["GET"]}}],"collection":[{"href":"https:\/\/www.tcuido.es\/en\/wp-json\/wp\/v2\/product"}],"about":[{"href":"https:\/\/www.tcuido.es\/en\/wp-json\/wp\/v2\/types\/product"}],"wp:featuredmedia":[{"embeddable":true,"href":"https:\/\/www.tcuido.es\/en\/wp-json\/wp\/v2\/media\/2712"}],"wp:attachment":[{"href":"https:\/\/www.tcuido.es\/en\/wp-json\/wp\/v2\/media?parent=2701"}],"wp:term":[{"taxonomy":"product_brand","embeddable":true,"href":"https:\/\/www.tcuido.es\/en\/wp-json\/wp\/v2\/product_brand?post=2701"},{"taxonomy":"product_cat","embeddable":true,"href":"https:\/\/www.tcuido.es\/en\/wp-json\/wp\/v2\/product_cat?post=2701"},{"taxonomy":"product_tag","embeddable":true,"href":"https:\/\/www.tcuido.es\/en\/wp-json\/wp\/v2\/product_tag?post=2701"}],"curies":[{"name":"wp","href":"https:\/\/api.w.org\/{rel}","templated":true}]}}

<p>CÓMODA: esta tabla de baño ayuda a las personas mayores o con problemas de movilidad a disfrutar de una higiene diaria cómoda y segura ya que permite entrar y salir de la bañera con el mínimo esfuerzo. ESTABLE Y SEGURA: gracias a sus 4 patas de fijación ajustables y antideslizantes, esta tabla de baño se adapta a casi todas las bañeras facilitando [&hellip;]</p>

<!-- This site is optimized with the Yoast SEO Premium plugin v22.6 (Yoast SEO v27.1.1) - https://yoast.com/product/yoast-seo-premium-wordpress/ -->
<title>Tabla bañera adulto, asiento bañera ancianos - Tcuido</title>
<meta name="robots" content="index, follow, max-snippet:-1, max-image-preview:large, max-video-preview:-1" />
<link rel="canonical" href="https://www.tcuido.es/en/product/tabla-banera-adulto-asiento-banera-ancianos/" />
<meta property="og:locale" content="en_GB" />
<meta property="og:type" content="article" />
<meta property="og:title" content="Tabla bañera adulto, asiento bañera ancianos" />
<meta property="og:description" content="CÓMODA: esta tabla de baño ayuda a las personas mayores o con problemas de movilidad a disfrutar de una higiene diaria cómoda y segura ya que permite entrar y salir de la bañera con el mínimo esfuerzo. ESTABLE Y SEGURA: gracias a sus 4 patas de fijación ajustables y antideslizantes, esta tabla de baño se adapta a casi todas las bañeras facilitando [&hellip;]" />
<meta property="og:url" content="https://www.tcuido.es/en/product/tabla-banera-adulto-asiento-banera-ancianos/" />
<meta property="og:site_name" content="Tcuido" />
<meta property="article:modified_time" content="2025-09-23T17:28:43+00:00" />
<meta property="og:image" content="https://www.tcuido.es/wp-content/uploads/2024/07/C02-P03_01_asiento-banera_1b.webp" />
	<meta property="og:image:width" content="869" />
	<meta property="og:image:height" content="869" />
	<meta property="og:image:type" content="image/webp" />
<meta name="twitter:card" content="summary_large_image" />
<meta name="twitter:label1" content="Estimated reading time" />
	<meta name="twitter:data1" content="2 minutes" />
<script type="application/ld+json" class="yoast-schema-graph">{"@context":"https://schema.org","@graph":[{"@type":"WebPage","@id":"https://www.tcuido.es/producto/tabla-banera-adulto-asiento-banera-ancianos/","url":"https://www.tcuido.es/producto/tabla-banera-adulto-asiento-banera-ancianos/","name":"Tabla bañera adulto, asiento bañera ancianos - Tcuido","isPartOf":{"@id":"https://www.tcuido.es/#website"},"primaryImageOfPage":{"@id":"https://www.tcuido.es/producto/tabla-banera-adulto-asiento-banera-ancianos/#primaryimage"},"image":{"@id":"https://www.tcuido.es/producto/tabla-banera-adulto-asiento-banera-ancianos/#primaryimage"},"thumbnailUrl":"https://www.tcuido.es/wp-content/uploads/2024/07/C02-P03_01_asiento-banera_1b.webp","datePublished":"2024-07-23T14:18:27+00:00","dateModified":"2025-09-23T17:28:43+00:00","breadcrumb":{"@id":"https://www.tcuido.es/producto/tabla-banera-adulto-asiento-banera-ancianos/#breadcrumb"},"inLanguage":"en-GB","potentialAction":[{"@type":"ReadAction","target":["https://www.tcuido.es/producto/tabla-banera-adulto-asiento-banera-ancianos/"]}]},{"@type":"ImageObject","inLanguage":"en-GB","@id":"https://www.tcuido.es/producto/tabla-banera-adulto-asiento-banera-ancianos/#primaryimage","url":"https://www.tcuido.es/wp-content/uploads/2024/07/C02-P03_01_asiento-banera_1b.webp","contentUrl":"https://www.tcuido.es/wp-content/uploads/2024/07/C02-P03_01_asiento-banera_1b.webp","width":869,"height":869},{"@type":"BreadcrumbList","@id":"https://www.tcuido.es/producto/tabla-banera-adulto-asiento-banera-ancianos/#breadcrumb","itemListElement":[{"@type":"ListItem","position":1,"name":"Inicio","item":"https://www.tcuido.es/"},{"@type":"ListItem","position":2,"name":"Tienda","item":"https://www.tcuido.es/tienda/"},{"@type":"ListItem","position":3,"name":"Tabla bañera adulto, asiento bañera ancianos"}]},{"@type":"WebSite","@id":"https://www.tcuido.es/#website","url":"https://www.tcuido.es/","name":"Tcuido","description":"Servicios Integrales a la Dependencia","publisher":{"@id":"https://www.tcuido.es/#organization"},"potentialAction":[{"@type":"SearchAction","target":{"@type":"EntryPoint","urlTemplate":"https://www.tcuido.es/?s={search_term_string}"},"query-input":{"@type":"PropertyValueSpecification","valueRequired":true,"valueName":"search_term_string"}}],"inLanguage":"en-GB"},{"@type":"Organization","@id":"https://www.tcuido.es/#organization","name":"Tcuido Servicios Integrales a la Dependencia","url":"https://www.tcuido.es/","logo":{"@type":"ImageObject","inLanguage":"en-GB","@id":"https://www.tcuido.es/#/schema/logo/image/","url":"https://www.tcuido.es/wp-content/uploads/2024/03/TCUIDO-facturas.png","contentUrl":"https://www.tcuido.es/wp-content/uploads/2024/03/TCUIDO-facturas.png","width":1600,"height":361,"caption":"Tcuido Servicios Integrales a la Dependencia"},"image":{"@id":"https://www.tcuido.es/#/schema/logo/image/"}}]}</script>
<!-- / Yoast SEO Premium plugin. -->

Tabla bañera adulto, asiento bañera ancianos - Tcuido

Tabla bañera adulto, asiento bañera ancianos

CÓMODA: esta tabla de baño ayuda a las personas mayores o con problemas de movilidad a disfrutar de una higiene diaria cómoda y segura ya que permite entrar y salir de la bañera con el mínimo esfuerzo. ESTABLE Y SEGURA: gracias a sus 4 patas de fijación ajustables y antideslizantes, esta tabla de baño se adapta a casi todas las bañeras facilitando [&hellip;]
