{"id":3677,"date":"2024-12-28T13:22:25","date_gmt":"2024-12-28T13:22:25","guid":{"rendered":"https:\/\/www.tcuido.es\/?post_type=product&#038;p=3677"},"modified":"2025-09-23T17:28:23","modified_gmt":"2025-09-23T17:28:23","slug":"baston-extensible-bastones-para-andar-personas-mayores-color-madera","status":"publish","type":"product","link":"https:\/\/www.tcuido.es\/en\/product\/baston-extensible-bastones-para-andar-personas-mayores-color-madera\/","title":{"rendered":"Extendable Walking Stick, Walking Sticks for Seniors, Wood Color"},"content":{"rendered":"<p><strong><span style=\"color: #97bf0d;\">CHARACTERISTICS<\/span><\/strong><\/p>\n<ul>\n<li>HIGHER QUALITY: The soft grip, in addition to being comfortable, is easy and safe to hold, allowing you to walk safely and independently.<\/li>\n<li>MORE COMFORTABLE: This cane features a quality nylon strap that frees up the hand, thus offering greater comfort to the user.<\/li>\n<li>LIGHTWEIGHT AND STURDY: Made of aluminum, this cane provides stability for those who need extra support and balance, safely holding up to 100kg.<\/li>\n<li>FUNCTIONAL: This walking stick with beech wood handle has a lightweight, elegant and functional design that increases the user&#039;s autonomy. It is perfect for use with the left or right hand.<\/li>\n<li>ADJUSTABLE: The cane is extendable and adjustable in height (from 75 cm - 98 cm), ideal for users from 1.45 m to 1.90 m.<\/li>\n<\/ul>\n<p>&nbsp;<\/p>\n<p><strong><span style=\"color: #97bf0d;\">TECHNICAL DETAILS<\/span><\/strong><\/p>\n<ul>\n<li>Walking stick height: 75-98 cm<\/li>\n<li>Weight: 0.3 kg<\/li>\n<li>Regulations: 10<\/li>\n<li>Tube End: 15-16 mm<\/li>\n<li>User Height: 145-190 cm<\/li>\n<li>Maximum User Weight: 100 kg<\/li>\n<\/ul>\n<p>&nbsp;<\/p>\n<p><strong><span style=\"color: #97bf0d;\">ADDITIONAL INFORMATION<\/span><\/strong><\/p>\n<ul>\n<li>Material: Aluminum<\/li>\n<li>Handle material: Wood<\/li>\n<li>Color: Wood<\/li>\n<li>Grip: Soft<\/li>\n<li>Storage bag: No<\/li>\n<li>Hand Strap: Yes<\/li>\n<li>Dimmable: Yes<\/li>\n<li>Foldable: No<\/li>\n<li>Extensible: Yes<\/li>\n<\/ul>","protected":false},"excerpt":{"rendered":"<p><strong><span style=\"color: #97bf0d;\">RESISTANT<\/span><\/strong><\/p>\n<p>Made of aluminum and with a wooden handle, this cane provides stability and support, safely holding up to 100 kg.<\/p>\n<p><strong><span style=\"color: #97bf0d;\">WOODEN HANDLE<\/span><\/strong><\/p>\n<p>This walking stick features a beech wood handle that is not only comfortable and soft, but also easy and safe to hold.<\/p>\n<p><span style=\"color: #97bf0d;\"><strong>SURE<\/strong><\/span><\/p>\n<p>The extendable baton features a lightweight, slip-resistant ferrule and nylon strap to free up your hand.<\/p>","protected":false},"featured_media":3679,"template":"","meta":{"inline_featured_image":false},"product_brand":[],"product_cat":[24,21],"product_tag":[36],"class_list":{"0":"post-3677","1":"product","2":"type-product","3":"status-publish","4":"has-post-thumbnail","6":"product_cat-bastones","7":"product_cat-movilidad","8":"product_tag-kmina","10":"first","11":"instock","12":"taxable","13":"shipping-taxable","14":"purchasable","15":"product-type-simple"},"yoast_head":"<!-- This site is optimized with the Yoast SEO Premium plugin v22.6 (Yoast SEO v27.1.1) - https:\/\/yoast.com\/product\/yoast-seo-premium-wordpress\/ -->\n<title>Bast\u00f3n Extensible, Bastones para Andar Personas Mayores Color Madera - Tcuido<\/title>\n<meta name=\"robots\" content=\"index, follow, max-snippet:-1, max-image-preview:large, max-video-preview:-1\" \/>\n<link rel=\"canonical\" href=\"https:\/\/www.tcuido.es\/en\/product\/baston-extensible-bastones-para-andar-personas-mayores-color-madera\/\" \/>\n<meta property=\"og:locale\" content=\"en_GB\" \/>\n<meta property=\"og:type\" content=\"article\" \/>\n<meta property=\"og:title\" content=\"Bast\u00f3n Extensible, Bastones para Andar Personas Mayores Color Madera\" \/>\n<meta property=\"og:description\" content=\"RESISTENTE  Fabricado en aluminio y con el pu\u00f1o de madera, este bast\u00f3n brinda estabilidad y apoyo, sosteniendo hasta 100 kg con seguridad.  EMPU\u00d1ADURA DE MADERA  Este bast\u00f3n cuenta con una empu\u00f1adura de madera de haya que, adem\u00e1s de ser c\u00f3moda y suave, es f\u00e1cil y segura de agarrar.  SEGURO  El bast\u00f3n extensible cuenta con una contera ligera que proviene resbalones y cinta de nylon para liberar la mano.\" \/>\n<meta property=\"og:url\" content=\"https:\/\/www.tcuido.es\/en\/product\/baston-extensible-bastones-para-andar-personas-mayores-color-madera\/\" \/>\n<meta property=\"og:site_name\" content=\"Tcuido\" \/>\n<meta property=\"article:modified_time\" content=\"2025-09-23T17:28:23+00:00\" \/>\n<meta property=\"og:image\" content=\"https:\/\/www.tcuido.es\/wp-content\/uploads\/2024\/12\/M01_C01-03_P16_ft-01.webp\" \/>\n\t<meta property=\"og:image:width\" content=\"1000\" \/>\n\t<meta property=\"og:image:height\" content=\"1000\" \/>\n\t<meta property=\"og:image:type\" content=\"image\/webp\" \/>\n<meta name=\"twitter:card\" content=\"summary_large_image\" \/>\n<meta name=\"twitter:label1\" content=\"Estimated reading time\" \/>\n\t<meta name=\"twitter:data1\" content=\"2 minutes\" \/>\n<script type=\"application\/ld+json\" class=\"yoast-schema-graph\">{\"@context\":\"https:\/\/schema.org\",\"@graph\":[{\"@type\":\"WebPage\",\"@id\":\"https:\/\/www.tcuido.es\/producto\/baston-extensible-bastones-para-andar-personas-mayores-color-madera\/\",\"url\":\"https:\/\/www.tcuido.es\/producto\/baston-extensible-bastones-para-andar-personas-mayores-color-madera\/\",\"name\":\"Bast\u00f3n Extensible, Bastones para Andar Personas Mayores Color Madera - Tcuido\",\"isPartOf\":{\"@id\":\"https:\/\/www.tcuido.es\/#website\"},\"primaryImageOfPage\":{\"@id\":\"https:\/\/www.tcuido.es\/producto\/baston-extensible-bastones-para-andar-personas-mayores-color-madera\/#primaryimage\"},\"image\":{\"@id\":\"https:\/\/www.tcuido.es\/producto\/baston-extensible-bastones-para-andar-personas-mayores-color-madera\/#primaryimage\"},\"thumbnailUrl\":\"https:\/\/www.tcuido.es\/wp-content\/uploads\/2024\/12\/M01_C01-03_P16_ft-01.webp\",\"datePublished\":\"2024-12-28T13:22:25+00:00\",\"dateModified\":\"2025-09-23T17:28:23+00:00\",\"breadcrumb\":{\"@id\":\"https:\/\/www.tcuido.es\/producto\/baston-extensible-bastones-para-andar-personas-mayores-color-madera\/#breadcrumb\"},\"inLanguage\":\"en-GB\",\"potentialAction\":[{\"@type\":\"ReadAction\",\"target\":[\"https:\/\/www.tcuido.es\/producto\/baston-extensible-bastones-para-andar-personas-mayores-color-madera\/\"]}]},{\"@type\":\"ImageObject\",\"inLanguage\":\"en-GB\",\"@id\":\"https:\/\/www.tcuido.es\/producto\/baston-extensible-bastones-para-andar-personas-mayores-color-madera\/#primaryimage\",\"url\":\"https:\/\/www.tcuido.es\/wp-content\/uploads\/2024\/12\/M01_C01-03_P16_ft-01.webp\",\"contentUrl\":\"https:\/\/www.tcuido.es\/wp-content\/uploads\/2024\/12\/M01_C01-03_P16_ft-01.webp\",\"width\":1000,\"height\":1000},{\"@type\":\"BreadcrumbList\",\"@id\":\"https:\/\/www.tcuido.es\/producto\/baston-extensible-bastones-para-andar-personas-mayores-color-madera\/#breadcrumb\",\"itemListElement\":[{\"@type\":\"ListItem\",\"position\":1,\"name\":\"Inicio\",\"item\":\"https:\/\/www.tcuido.es\/\"},{\"@type\":\"ListItem\",\"position\":2,\"name\":\"Tienda\",\"item\":\"https:\/\/www.tcuido.es\/tienda\/\"},{\"@type\":\"ListItem\",\"position\":3,\"name\":\"Bast\u00f3n Extensible, Bastones para Andar Personas Mayores Color Madera\"}]},{\"@type\":\"WebSite\",\"@id\":\"https:\/\/www.tcuido.es\/#website\",\"url\":\"https:\/\/www.tcuido.es\/\",\"name\":\"Tcuido\",\"description\":\"Servicios Integrales a la Dependencia\",\"publisher\":{\"@id\":\"https:\/\/www.tcuido.es\/#organization\"},\"potentialAction\":[{\"@type\":\"SearchAction\",\"target\":{\"@type\":\"EntryPoint\",\"urlTemplate\":\"https:\/\/www.tcuido.es\/?s={search_term_string}\"},\"query-input\":{\"@type\":\"PropertyValueSpecification\",\"valueRequired\":true,\"valueName\":\"search_term_string\"}}],\"inLanguage\":\"en-GB\"},{\"@type\":\"Organization\",\"@id\":\"https:\/\/www.tcuido.es\/#organization\",\"name\":\"Tcuido Servicios Integrales a la Dependencia\",\"url\":\"https:\/\/www.tcuido.es\/\",\"logo\":{\"@type\":\"ImageObject\",\"inLanguage\":\"en-GB\",\"@id\":\"https:\/\/www.tcuido.es\/#\/schema\/logo\/image\/\",\"url\":\"https:\/\/www.tcuido.es\/wp-content\/uploads\/2024\/03\/TCUIDO-facturas.png\",\"contentUrl\":\"https:\/\/www.tcuido.es\/wp-content\/uploads\/2024\/03\/TCUIDO-facturas.png\",\"width\":1600,\"height\":361,\"caption\":\"Tcuido Servicios Integrales a la Dependencia\"},\"image\":{\"@id\":\"https:\/\/www.tcuido.es\/#\/schema\/logo\/image\/\"}}]}<\/script>\n<!-- \/ Yoast SEO Premium plugin. -->","yoast_head_json":{"title":"Bast\u00f3n Extensible, Bastones para Andar Personas Mayores Color Madera - Tcuido","robots":{"index":"index","follow":"follow","max-snippet":"max-snippet:-1","max-image-preview":"max-image-preview:large","max-video-preview":"max-video-preview:-1"},"canonical":"https:\/\/www.tcuido.es\/en\/product\/baston-extensible-bastones-para-andar-personas-mayores-color-madera\/","og_locale":"en_GB","og_type":"article","og_title":"Bast\u00f3n Extensible, Bastones para Andar Personas Mayores Color Madera","og_description":"RESISTENTE  Fabricado en aluminio y con el pu\u00f1o de madera, este bast\u00f3n brinda estabilidad y apoyo, sosteniendo hasta 100 kg con seguridad.  EMPU\u00d1ADURA DE MADERA  Este bast\u00f3n cuenta con una empu\u00f1adura de madera de haya que, adem\u00e1s de ser c\u00f3moda y suave, es f\u00e1cil y segura de agarrar.  SEGURO  El bast\u00f3n extensible cuenta con una contera ligera que proviene resbalones y cinta de nylon para liberar la mano.","og_url":"https:\/\/www.tcuido.es\/en\/product\/baston-extensible-bastones-para-andar-personas-mayores-color-madera\/","og_site_name":"Tcuido","article_modified_time":"2025-09-23T17:28:23+00:00","og_image":[{"width":1000,"height":1000,"url":"https:\/\/www.tcuido.es\/wp-content\/uploads\/2024\/12\/M01_C01-03_P16_ft-01.webp","type":"image\/webp"}],"twitter_card":"summary_large_image","twitter_misc":{"Estimated reading time":"2 minutes"},"schema":{"@context":"https:\/\/schema.org","@graph":[{"@type":"WebPage","@id":"https:\/\/www.tcuido.es\/producto\/baston-extensible-bastones-para-andar-personas-mayores-color-madera\/","url":"https:\/\/www.tcuido.es\/producto\/baston-extensible-bastones-para-andar-personas-mayores-color-madera\/","name":"Bast\u00f3n Extensible, Bastones para Andar Personas Mayores Color Madera - Tcuido","isPartOf":{"@id":"https:\/\/www.tcuido.es\/#website"},"primaryImageOfPage":{"@id":"https:\/\/www.tcuido.es\/producto\/baston-extensible-bastones-para-andar-personas-mayores-color-madera\/#primaryimage"},"image":{"@id":"https:\/\/www.tcuido.es\/producto\/baston-extensible-bastones-para-andar-personas-mayores-color-madera\/#primaryimage"},"thumbnailUrl":"https:\/\/www.tcuido.es\/wp-content\/uploads\/2024\/12\/M01_C01-03_P16_ft-01.webp","datePublished":"2024-12-28T13:22:25+00:00","dateModified":"2025-09-23T17:28:23+00:00","breadcrumb":{"@id":"https:\/\/www.tcuido.es\/producto\/baston-extensible-bastones-para-andar-personas-mayores-color-madera\/#breadcrumb"},"inLanguage":"en-GB","potentialAction":[{"@type":"ReadAction","target":["https:\/\/www.tcuido.es\/producto\/baston-extensible-bastones-para-andar-personas-mayores-color-madera\/"]}]},{"@type":"ImageObject","inLanguage":"en-GB","@id":"https:\/\/www.tcuido.es\/producto\/baston-extensible-bastones-para-andar-personas-mayores-color-madera\/#primaryimage","url":"https:\/\/www.tcuido.es\/wp-content\/uploads\/2024\/12\/M01_C01-03_P16_ft-01.webp","contentUrl":"https:\/\/www.tcuido.es\/wp-content\/uploads\/2024\/12\/M01_C01-03_P16_ft-01.webp","width":1000,"height":1000},{"@type":"BreadcrumbList","@id":"https:\/\/www.tcuido.es\/producto\/baston-extensible-bastones-para-andar-personas-mayores-color-madera\/#breadcrumb","itemListElement":[{"@type":"ListItem","position":1,"name":"Inicio","item":"https:\/\/www.tcuido.es\/"},{"@type":"ListItem","position":2,"name":"Tienda","item":"https:\/\/www.tcuido.es\/tienda\/"},{"@type":"ListItem","position":3,"name":"Bast\u00f3n Extensible, Bastones para Andar Personas Mayores Color Madera"}]},{"@type":"WebSite","@id":"https:\/\/www.tcuido.es\/#website","url":"https:\/\/www.tcuido.es\/","name":"I take care","description":"Comprehensive Dependency Services","publisher":{"@id":"https:\/\/www.tcuido.es\/#organization"},"potentialAction":[{"@type":"SearchAction","target":{"@type":"EntryPoint","urlTemplate":"https:\/\/www.tcuido.es\/?s={search_term_string}"},"query-input":{"@type":"PropertyValueSpecification","valueRequired":true,"valueName":"search_term_string"}}],"inLanguage":"en-GB"},{"@type":"Organization","@id":"https:\/\/www.tcuido.es\/#organization","name":"Tcuido Comprehensive Dependency Services","url":"https:\/\/www.tcuido.es\/","logo":{"@type":"ImageObject","inLanguage":"en-GB","@id":"https:\/\/www.tcuido.es\/#\/schema\/logo\/image\/","url":"https:\/\/www.tcuido.es\/wp-content\/uploads\/2024\/03\/TCUIDO-facturas.png","contentUrl":"https:\/\/www.tcuido.es\/wp-content\/uploads\/2024\/03\/TCUIDO-facturas.png","width":1600,"height":361,"caption":"Tcuido Servicios Integrales a la Dependencia"},"image":{"@id":"https:\/\/www.tcuido.es\/#\/schema\/logo\/image\/"}}]}},"_links":{"self":[{"href":"https:\/\/www.tcuido.es\/en\/wp-json\/wp\/v2\/product\/3677","targetHints":{"allow":["GET"]}}],"collection":[{"href":"https:\/\/www.tcuido.es\/en\/wp-json\/wp\/v2\/product"}],"about":[{"href":"https:\/\/www.tcuido.es\/en\/wp-json\/wp\/v2\/types\/product"}],"wp:featuredmedia":[{"embeddable":true,"href":"https:\/\/www.tcuido.es\/en\/wp-json\/wp\/v2\/media\/3679"}],"wp:attachment":[{"href":"https:\/\/www.tcuido.es\/en\/wp-json\/wp\/v2\/media?parent=3677"}],"wp:term":[{"taxonomy":"product_brand","embeddable":true,"href":"https:\/\/www.tcuido.es\/en\/wp-json\/wp\/v2\/product_brand?post=3677"},{"taxonomy":"product_cat","embeddable":true,"href":"https:\/\/www.tcuido.es\/en\/wp-json\/wp\/v2\/product_cat?post=3677"},{"taxonomy":"product_tag","embeddable":true,"href":"https:\/\/www.tcuido.es\/en\/wp-json\/wp\/v2\/product_tag?post=3677"}],"curies":[{"name":"wp","href":"https:\/\/api.w.org\/{rel}","templated":true}]}}

<!-- This site is optimized with the Yoast SEO Premium plugin v22.6 (Yoast SEO v27.1.1) - https://yoast.com/product/yoast-seo-premium-wordpress/ -->
<title>Bastón Extensible, Bastones para Andar Personas Mayores Color Madera - Tcuido</title>
<meta name="robots" content="index, follow, max-snippet:-1, max-image-preview:large, max-video-preview:-1" />
<link rel="canonical" href="https://www.tcuido.es/en/product/baston-extensible-bastones-para-andar-personas-mayores-color-madera/" />
<meta property="og:locale" content="en_GB" />
<meta property="og:type" content="article" />
<meta property="og:title" content="Bastón Extensible, Bastones para Andar Personas Mayores Color Madera" />
<meta property="og:description" content="RESISTENTE  Fabricado en aluminio y con el puño de madera, este bastón brinda estabilidad y apoyo, sosteniendo hasta 100 kg con seguridad.  EMPUÑADURA DE MADERA  Este bastón cuenta con una empuñadura de madera de haya que, además de ser cómoda y suave, es fácil y segura de agarrar.  SEGURO  El bastón extensible cuenta con una contera ligera que proviene resbalones y cinta de nylon para liberar la mano." />
<meta property="og:url" content="https://www.tcuido.es/en/product/baston-extensible-bastones-para-andar-personas-mayores-color-madera/" />
<meta property="og:site_name" content="Tcuido" />
<meta property="article:modified_time" content="2025-09-23T17:28:23+00:00" />
<meta property="og:image" content="https://www.tcuido.es/wp-content/uploads/2024/12/M01_C01-03_P16_ft-01.webp" />
	<meta property="og:image:width" content="1000" />
	<meta property="og:image:height" content="1000" />
	<meta property="og:image:type" content="image/webp" />
<meta name="twitter:card" content="summary_large_image" />
<meta name="twitter:label1" content="Estimated reading time" />
	<meta name="twitter:data1" content="2 minutes" />
<script type="application/ld+json" class="yoast-schema-graph">{"@context":"https://schema.org","@graph":[{"@type":"WebPage","@id":"https://www.tcuido.es/producto/baston-extensible-bastones-para-andar-personas-mayores-color-madera/","url":"https://www.tcuido.es/producto/baston-extensible-bastones-para-andar-personas-mayores-color-madera/","name":"Bastón Extensible, Bastones para Andar Personas Mayores Color Madera - Tcuido","isPartOf":{"@id":"https://www.tcuido.es/#website"},"primaryImageOfPage":{"@id":"https://www.tcuido.es/producto/baston-extensible-bastones-para-andar-personas-mayores-color-madera/#primaryimage"},"image":{"@id":"https://www.tcuido.es/producto/baston-extensible-bastones-para-andar-personas-mayores-color-madera/#primaryimage"},"thumbnailUrl":"https://www.tcuido.es/wp-content/uploads/2024/12/M01_C01-03_P16_ft-01.webp","datePublished":"2024-12-28T13:22:25+00:00","dateModified":"2025-09-23T17:28:23+00:00","breadcrumb":{"@id":"https://www.tcuido.es/producto/baston-extensible-bastones-para-andar-personas-mayores-color-madera/#breadcrumb"},"inLanguage":"en-GB","potentialAction":[{"@type":"ReadAction","target":["https://www.tcuido.es/producto/baston-extensible-bastones-para-andar-personas-mayores-color-madera/"]}]},{"@type":"ImageObject","inLanguage":"en-GB","@id":"https://www.tcuido.es/producto/baston-extensible-bastones-para-andar-personas-mayores-color-madera/#primaryimage","url":"https://www.tcuido.es/wp-content/uploads/2024/12/M01_C01-03_P16_ft-01.webp","contentUrl":"https://www.tcuido.es/wp-content/uploads/2024/12/M01_C01-03_P16_ft-01.webp","width":1000,"height":1000},{"@type":"BreadcrumbList","@id":"https://www.tcuido.es/producto/baston-extensible-bastones-para-andar-personas-mayores-color-madera/#breadcrumb","itemListElement":[{"@type":"ListItem","position":1,"name":"Inicio","item":"https://www.tcuido.es/"},{"@type":"ListItem","position":2,"name":"Tienda","item":"https://www.tcuido.es/tienda/"},{"@type":"ListItem","position":3,"name":"Bastón Extensible, Bastones para Andar Personas Mayores Color Madera"}]},{"@type":"WebSite","@id":"https://www.tcuido.es/#website","url":"https://www.tcuido.es/","name":"Tcuido","description":"Servicios Integrales a la Dependencia","publisher":{"@id":"https://www.tcuido.es/#organization"},"potentialAction":[{"@type":"SearchAction","target":{"@type":"EntryPoint","urlTemplate":"https://www.tcuido.es/?s={search_term_string}"},"query-input":{"@type":"PropertyValueSpecification","valueRequired":true,"valueName":"search_term_string"}}],"inLanguage":"en-GB"},{"@type":"Organization","@id":"https://www.tcuido.es/#organization","name":"Tcuido Servicios Integrales a la Dependencia","url":"https://www.tcuido.es/","logo":{"@type":"ImageObject","inLanguage":"en-GB","@id":"https://www.tcuido.es/#/schema/logo/image/","url":"https://www.tcuido.es/wp-content/uploads/2024/03/TCUIDO-facturas.png","contentUrl":"https://www.tcuido.es/wp-content/uploads/2024/03/TCUIDO-facturas.png","width":1600,"height":361,"caption":"Tcuido Servicios Integrales a la Dependencia"},"image":{"@id":"https://www.tcuido.es/#/schema/logo/image/"}}]}</script>
<!-- / Yoast SEO Premium plugin. -->

Bastón Extensible, Bastones para Andar Personas Mayores Color Madera - Tcuido

Bastón Extensible, Bastones para Andar Personas Mayores Color Madera

RESISTENTE  Fabricado en aluminio y con el puño de madera, este bastón brinda estabilidad y apoyo, sosteniendo hasta 100 kg con seguridad.  EMPUÑADURA DE MADERA  Este bastón cuenta con una empuñadura de madera de haya que, además de ser cómoda y suave, es fácil y segura de agarrar.  SEGURO  El bastón extensible cuenta con una contera ligera que proviene resbalones y cinta de nylon para liberar la mano.
